when 202279 is divided by 200273?
2006
What is the remainder when 6672068 is divided by 2202?
8
Calculate the remainder when 3517651 is divided by 7.
4
Calculate the remainder when 58876687 is divided by 297357.
1
Calculate the remainder when 1023950 is divided by 37924.
2
Calculate the remainder when 195991910 is divided by 1395.
1385
Calculate the remainder when 1632918 is divided by 141.
138
Calculate the remainder when 109287 is divided by 6389.
674
Calculate the remainder when 204601 is divided by 1472.
1465
Calculate the remainder when 296842 is divided by 910.
182
Calculate the remainder when 2837527 is divided by 202.
33
Calculate the remainder when 29934307 is divided by 142.
139
What is the remainder when 1328145 is divided by 4249?
2457
Calculate the remainder when 188680 is divided by 1965.
40
What is the remainder when 2431598 is divided by 21326?
434
What is the remainder when 339386 is divided by 4780?
6
What is the remainder when 299093 is divided by 649?
553
What is the remainder when 1897036 is divided by 172457?
9
Calculate the remainder when 325708874 is divided by 1075.
1074
Calculate the remainder when 1935247 is divided by 8425.
5922
What is the remainder when 97943 is divided by 1042?
1037
Calculate the remainder when 10291741 is divided by 21.
19
What is the remainder when 25921 is divided by 2504?
881
What is the remainder when 229920 is divided by 2472?
24
Calculate the remainder when 8035111 is divided by 8.
7
Calculate the remainder when 5803365 is divided by 24.
21
What is the remainder when 12316745 is divided by 172?
169
Calculate the remainder when 285916 is divided by 47650.
16
What is the remainder when 132482 is divided by 813?
776
Calculate the remainder when 1868360 is divided by 497.
137
Calculate the remainder when 112865088 is divided by 5940267.
15
What is the remainder when 3042335 is divided by 1014102?
29
Calculate the remainder when 79775288 is divided by 9.
8
Calculate the remainder when 23911548 is divided by 2540.
2528
Calculate the remainder when 86647 is divided by 675.
247
What is the remainder when 1077848 is divided by 734?
336
Calculate the remainder when 590083 is divided by 373.
370
Calculate the remainder when 914220 is divided by 304485.
765
What is the remainder when 1960448 is divided by 42618?
20
What is the remainder when 148688 is divided by 3179?
2454
What is the remainder when 7653123 is divided by 68331?
51
What is the remainder when 4290128 is divided by 924?
920
What is the remainder when 150960547 is divided by 130?
127
Calculate the remainder when 42964 is divided by 41509.
1455
Calculate the remainder when 18996712 is divided by 56370.
22
Calculate the remainder when 113554193 is divided by 1171.
1152
Calculate the remainder when 12615508 is divided by 361.
2
What is the remainder when 24775711 is divided by 750779?
4
Calculate the remainder when 39264506 is divided by 754.
710
What is the remainder when 807681 is divided by 2143?
1913
What is the remainder when 496533 is divided by 2007?
804
What is the remainder when 14327 is divided by 347?
100
What is the remainder when 1106516 is divided by 6287?
4
Calculate the remainder when 4870888 is divided by 44687.
5
Calculate the remainder when 876456 is divided by 175219.
361
What is the remainder when 2744702 is divided by 2328?
2318
Calculate the remainder when 133561767 is divided by 1060014.
3
What is the remainder when 105070015 is divided by 3891482?
1
Calculate the remainder when 96030988 is divided by 33.
31
Calculate the remainder when 7397657 is divided by 63.
8
What is the remainder when 10912711 is divided by 21?
19
Calculate the remainder when 77679 is divided by 1886.
353
Calculate the remainder when 8882350 is divided by 2657.
2656
What is the remainder when 152383 is divided by 218?
1
What is the remainder when 533894 is divided by 654?
230
Calculate the remainder when 2355938 is divided by 20.
18
Calculate the remainder when 11498630 is divided by 5749301.
28
Calculate the remainder when 745600 is divided by 745517.
83
What is the remainder when 62207 is divided by 1821?
293
Calculate the remainder when 2617898 is divided by 1114.
1112
What is the remainder when 34398323 is divided by 3?
2
Calculate the remainder when 408813083 is divided by 11.
8
What is the remainder when 19401276 is divided by 380?
376
What is the remainder when 12425 is divided by 5975?
475
What is the remainder when 4450739 is divided by 105?
104
What is the remainder when 2758537 is divided by 110339?
62
Calculate the remainder when 1096111 is divided by 1827.
1738
What is the remainder when 56514 is divided by 975?
939
What is the remainder when 357448 is divided by 2248?
16
What is the remainder when 1047626 is divided by 349189?
59
What is the remainder when 3747244 is divided by 3747204?
40
What is the remainder when 2614012 is divided by 1097?
958
What is the remainder when 361597 is divided by 882?
859
What is the remainder when 1578110 is divided by 91?
79
Calculate the remainder when 3992995 is divided by 2200.
2195
What is the remainder when 7479535 is divided by 1068502?
21
Calculate the remainder when 5295540 is divided by 79.
12
What is the remainder when 1037411 is divided by 938?
921
What is the remainder when 573556 is divided by 3752?
3252
Calculate the remainder when 250968257 is divided by 83656083.
8
Calculate the remainder when 77460997 is divided by 20.
17
Calculate the remainder when 1276492 is divided by 38681.
19
What is the remainder when 17202260 is divided by 29?
11
Calculate the remainder when 125424646 is divided by 2663.
9
Calculate the remainder when 5771926 is divided by 9.
1
What is the remainder when 204710858 is divided by 74?
70
Calculate the remainder when 338467 is divided by 1712.
1203
Calculate the remainder when 18335307 is divided by 15.
12
What is the remainder when 38202847 is divided by 1550?
1547
What is the remainder when 83630 is divided by 359?
342
What is the remainder when 32744093 is divided by 548?
545
What is the remainder when 2668 is divided by 428?
100
What is the remainder when 130848 is divided by 130714?
134
Calculate the remainder when 64094406 is divided by 1471.
1465
What is the remainder when 103863083 is divided by 2?
1
Calculate the remainder when 1591815 is divided by 795695.
425
What is the remainder when 73782708 is divided by 490?
468
Calculate the remainder when 22443326 is divided by 283.
11
Calculate the remainder when 17159044 is divided by 21803.
83
What is the remainder when 17692032 is divided by 80?
32
Calculate the remainder when 3532259 is divided by 128.
99
What is the remainder when 266214 is divided by 674?
658
What is the remainder when 11460877 is divided by 24647?
22
Calculate the remainder when 59499 is divided by 71.
1
What is the remainder when 132986 is divided by 44080?
746
What is the remainder when 202982 is divided by 2206?
30
Calculate the remainder when 2351974 is divided by 233.
72
What is the remainder when 3172220 is divided by 327?
320
Calculate the remainder when 7186197 is divided by 19.
17
Calculate the remainder when 2913020 is divided by 384.
380
What is the remainder when 67370859 is divided by 3916?
3911
What is the remainder when 47102886 is divided by 3009?
0
Calculate the remainder when 3780448 is divided by 53.
11
What is the remainder when 10335358 is divided by 191?
157
What is the remainder when 655385 is divided by 32?
25
What is the remainder when 515674 is divided by 1889?
1866
Calculate the remainder when 602210 is divided by 2130.
1550
Calculate the remainder when 7014491 is divided by 108.
107
What is the remainder when 152012 is divided by 6967?
5705
What is the remainder when 322005242 is divided by 2714?
2712
What is the remainder when 4988 is divided by 1682?
1624
What is the remainder when 2117019 is divided by 47040?
219
What is the remainder when 3939129 is divided by 121?
95
What is the remainder when 126504 is divided by 2300?
4
What is the remainder when 540869 is divided by 42?
35
Calculate the remainder when 9356077 is divided by 654.
607
What is the remainder when 88418 is divided by 2330?
2208
Calculate the remainder when 3111241 is divided by 2902.
297
What is the remainder when 949901 is divided by